common factor of 14760 and 101160?
360
Calculate the greatest common factor of 41974 and 62.
62
Calculate the greatest common divisor of 269772 and 36.
12
Calculate the highest common factor of 22224 and 10186.
926
Calculate the greatest common divisor of 6633 and 3993.
33
What is the greatest common divisor of 87399 and 498?
249
Calculate the greatest common factor of 61 and 574559.
61
Calculate the highest common factor of 146370 and 2214.
246
Calculate the greatest common factor of 2688 and 71680.
896
Calculate the highest common divisor of 81604 and 184.
92
Calculate the greatest common divisor of 323 and 95.
19
What is the greatest common factor of 66235 and 4030?
65
Calculate the highest common divisor of 270 and 1361826.
54
What is the greatest common divisor of 1832256 and 576?
576
What is the greatest common divisor of 60 and 282280?
20
Calculate the greatest common divisor of 24731 and 315.
7
Calculate the highest common factor of 17 and 177242.
17
What is the highest common divisor of 618532 and 239?
239
Calculate the greatest common factor of 852012 and 3105.
621
What is the greatest common factor of 55173 and 106?
53
Calculate the greatest common divisor of 456459 and 213.
213
Calculate the highest common factor of 2356 and 1238078.
1178
Calculate the greatest common factor of 51578 and 157522.
1394
What is the highest common factor of 475 and 2825?
25
What is the greatest common factor of 3168 and 1782?
198
What is the highest common divisor of 7610 and 18?
2
What is the greatest common factor of 446965 and 10?
5
Calculate the greatest common divisor of 49 and 104909.
49
What is the greatest common factor of 11634978 and 1524?
762
What is the greatest common factor of 2592 and 12600?
72
What is the highest common factor of 252 and 1971340?
28
Calculate the highest common factor of 209 and 171369.
11
What is the highest common divisor of 61740 and 3420?
180
Calculate the greatest common factor of 5 and 4705.
5
What is the greatest common factor of 434 and 52607?
31
What is the highest common divisor of 670021 and 187?
187
What is the greatest common factor of 14444 and 253712?
628
Calculate the highest common factor of 1596338 and 368.
46
Calculate the highest common divisor of 105980 and 1260.
140
Calculate the highest common factor of 672 and 135840.
96
What is the highest common factor of 1032 and 53520?
24
Calculate the highest common divisor of 175511 and 56.
7
What is the highest common factor of 28914 and 11346?
366
What is the highest common divisor of 4588 and 15593?
31
Calculate the highest common divisor of 96 and 36483.
3
Calculate the greatest common factor of 1628537 and 4645.
929
Calculate the greatest common factor of 4776 and 73033.
199
Calculate the highest common divisor of 20 and 7180.
20
Calculate the greatest common factor of 2475 and 1415007.
99
What is the highest common divisor of 55 and 62150?
55
What is the greatest common divisor of 42 and 29442?
42
Calculate the highest common divisor of 172618 and 34.
34
What is the greatest common factor of 160 and 59945?
5
Calculate the greatest common factor of 175120 and 160.
80
Calculate the highest common factor of 715 and 88715.
55
Calculate the greatest common divisor of 1595 and 232.
29
What is the greatest common divisor of 15 and 2076615?
15
What is the greatest common divisor of 3819 and 289332?
57
What is the highest common divisor of 87458 and 28?
14
What is the greatest common divisor of 12 and 554436?
12
Calculate the greatest common divisor of 4608 and 16344.
72
Calculate the greatest common factor of 164952 and 783.
261
Calculate the greatest common factor of 726196 and 36.
4
What is the greatest common factor of 12 and 211464?
12
What is the greatest common factor of 5720 and 33440?
440
What is the highest common factor of 69 and 183?
3
Calculate the greatest common divisor of 168479 and 331.
331
What is the highest common divisor of 3108 and 39186?
42
Calculate the highest common divisor of 2227 and 23984790.
2227
What is the greatest common divisor of 812 and 67918?
58
What is the greatest common divisor of 4029 and 4879?
17
Calculate the greatest common divisor of 98937 and 9.
9
What is the highest common divisor of 117 and 91832?
13
What is the highest common divisor of 30663 and 27?
9
Calculate the highest common factor of 197 and 100864.
197
What is the greatest common divisor of 48 and 489360?
48
Calculate the greatest common divisor of 425 and 35955.
85
What is the greatest common factor of 24 and 3992?
8
What is the greatest common factor of 630 and 3135?
15
What is the highest common factor of 145612 and 2596?
236
What is the greatest common factor of 195 and 2338505?
65
Calculate the highest common divisor of 6086 and 272.
34
Calculate the highest common factor of 16 and 276104.
8
Calculate the highest common divisor of 41260 and 30.
10
Calculate the highest common divisor of 164 and 812.
4
What is the greatest common divisor of 271877 and 305?
61
What is the highest common factor of 360 and 159720?
120
Calculate the greatest common factor of 1533 and 238637.
511
What is the greatest common divisor of 6262 and 118?
2
Calculate the greatest common factor of 1748 and 3724.
76
Calculate the highest common divisor of 24930 and 4230.
90
What is the greatest common factor of 15656 and 10094?
206
Calculate the highest common factor of 251 and 2775809.
251
What is the greatest common divisor of 4015 and 44530?
365
What is the highest common factor of 79679 and 34?
17
Calculate the greatest common factor of 1832 and 448.
8
Calculate the greatest common divisor of 898 and 112.
2
Calculate the greatest common divisor of 6798453 and 34.
17
Calculate the highest common factor of 3688 and 1383.
461
What is the greatest common factor of 15676 and 4?
4
Calculate the highest common factor of 123306 and 282.
6
Calculate the greatest common factor of 335827 and 2019.
673
Calculate the greatest common factor of 4752 and 4257.
99
Calculate the greatest common factor of 328 and 230830.
82
Calculate the greatest common divisor of 2828 and 140.
28
Calculate the highest common factor of 880 and 117590.
110
What is the highest common divisor of 50358 and 924?
462
Calculate the highest common factor of 660 and 2508.
132
Calculate the highest common divisor of 930051 and 27.
9
Calculate the highest common factor of 23 and 5120881.
23
Calculate the greatest common divisor of 177 and 234761.
59
Calculate the greatest common factor of 53943 and 9.
3
What is the highest common divisor of 975 and 4848?
3
What is the greatest common divisor of 1974 and 1134?
42
Calculate the highest common divisor of 491619 and 129.
129
What is the highest common factor of 33 and 143781?
33
Calculate the highest common divisor of 27255 and 45.
15
What is the greatest common factor of 1020 and 5230?
10
What is the greatest common factor of 364529 and 341?
341
What is the highest common divisor of 1081931 and 62?
31
Calculate the greatest common factor of 25998 and 336.
42
Calculate the highest common divisor of 3844 and 2108.
124
What is the highest common factor of 41 and 31898?
41
What is the greatest common divisor of 42360 and 80?
40
What is the highest common factor of 1950 and 19650?
150
What is the highest common divisor of 46109 and 147?
49
Calculate the greatest common divisor of 30 and 2833905.
15
Calculate the highest common divisor of 5599 and 55.
11
What is the greatest common factor of 568 and 23998?
142
What is the highest common factor of 4740 and 590604?
948
Calculate the greatest common divisor of 40637 and 1.
1
What is the greatest common divisor of 38 and 66158?
38
What is the highest common divisor of 1111815 and 155?
155
Calculate the highest common factor of 1288 and 272.
8
What is the greatest common divisor of 3660 and 140788?
244
Calculate the highest common divisor of 90 and 136755.
45
What is the highest common factor of 23388 and 1320?
12
Calculate the greatest common divisor of 51 and 9809.
17
What is the greatest common factor of 144708 and 118256?
1556
What is the greatest common factor of 16 and 247376?
16
What is the greatest common factor of 2770 and 24099?
277
What is the highest common factor of 7158207 and 714?
357
What is the highest common divis